4 = -y*c - l + 10. Suppose 0*s - 5*s + 2*i + 2045 = 0, -4*i = -c*s + 1648. Is s a prime number?
False
Suppose 758960 + 132687 = 11*o + 2*k, 3*k = -2*o + 162115. Is o a prime number?
False
Let u be -3 - (7 + 1)/((-2)/3365). Let t = u + -3844. Is t prime?
True
Is (-123)/(-369) - (128116/(-6) - 2) a composite number?
True
Suppose -3486 = -9*x + 19995. Is x a composite number?
False
Let z(c) = -41*c + 646. Let s be z(-22). Suppose -242 = 3*i - 1229. Let h = s - i. Is h a composite number?
True
Let j = -87737 - -125388. Is j composite?
True
Let k(i) = 32*i**2 + 16*i - 59. Suppose -12*d = -d - 66. Is k(d) a prime number?
False
Let q be 3 + 1504/(-3) + (-4)/6. Let s = q + -378. Let w = -626 - s. Is w a composite number?
False
Let x(d) = 382*d - 55. Is x(6) a prime number?
True
Suppose -482*r = 5*q - 484*r - 146103, 0 = 3*r - 3. Is q composite?
False
Suppose -k = -h + 242978, -166*k = -h - 167*k + 242984. Is h a composite number?
True
Suppose 90*z - 315936 = 94*z. Is (-1)/11 + z/(-44) a composite number?
True
Let g = -111116 - -314257. Is g prime?
True
Let j = -125 + 137. Suppose 31215 + 27117 = j*k. Is k prime?
True
Is -224741*(-1)/(-2)*(-81 - -79) a composite number?
True
Let w be 15503/5 + (-4)/(-10). Suppose 3*a - l - 4638 = -4*l, 5*l = -2*a + w. Is a prime?
True
Suppose 11*p + 4*p = 4*p + 661463. Is p a prime number?
True
Suppose 0 = -5*d + 7 + 8. Suppose a + 5621 = 2*t, 4*t + 0*a = d*a + 11245. Is t composite?
True
Let f(p) = 478*p**2 - 191*p + 1362. Is f(7) a composite number?
False
Suppose -h + 3*h - 23 = 5*y, 5*h - 2*y - 26 = 0. Let b be (50/5 - 6 - 13)*-1. Suppose 2*p - h*p - 627 = -3*i, -3*p = -b. Is i a prime number?
True
Let t = 57 - 1. Suppose 2*z = -4*b + t, 2*z + 4 = b - 0*b. Suppose -7*v - 4195 = -b*v. Is v a composite number?
False
Let l be (-4 + 1/(-2)*3158)/(-1). Suppose 2*n + 519 = 3265. Suppose -5*d = 0, 4*o - l = 5*d + n. Is o composite?
False
Let j = -67 - -65. Is 3/j*(2 + -6 - 2230) composite?
True
Suppose 3*n - 2*c - 13 = -0*n, 5*c - 30 = -5*n. Suppose -3*v + 1306 = -n*o, 1673 + 509 = 5*v - 3*o. Is v a prime number?
False
Let d be (8/10)/(2/10). Suppose -491 + 95 = -33*m. Is -3*d/m + 20 a composite number?
False
Suppose 3*t + 39*k = 38*k + 46372, 5*k = 3*t - 46384. Suppose -308*z + t = -306*z. Is z a prime number?
False
Let j = 1823 - -948. Is j prime?
False
Suppose -2*g - 11 = d + 9, -g = -2*d - 45. Let t(j) = -84*j - 205. Is t(d) prime?
False
Is ((-2)/(-4))/(((-4)/(-2097998))/((-700)/(-1225))) composite?
True
Let j = -202883 - -292341. Is j a prime number?
False
Let s be (-14)/(-140) + (-6158)/(-20). Let i = s + 23. Is i a composite number?
False
Let g(k) be the first derivative of 17*k**3/3 - k**2 - 16*k + 6. Is g(-5) a prime number?
True
Let i(z) = 29*z - 32. Let a be i(8). Let w = a - 26. Let v = 27 + w. Is v a composite number?
True
Suppose -34521 + 1050606 = 105*g. Is g prime?
True
Let o = 121120 + 60439. Suppose 7*s = -238 + o. Is s a composite number?
False
Is (-1 - 83812)*26/(-26) a prime number?
True
Is ((-5233555)/(-15))/((-81)/(-243)) a prime number?
True
Let j(n) = 2*n**2 + 31*n - 127. Let h be j(-19). Suppose h*d = -14*d + 40900. Is d a composite number?
True
Let o(r) = 54080*r**2 - 71*r - 72. Is o(-1) prime?
False
Let p = -15993 - -25580. Is p a composite number?
False
Suppose 8*d = -85 + 5. Let f(o) = -o**3 + 9*o**2 + 4*o + 47. Is f(d) prime?
True
Let j = 853 - 857. Is (j/6 + 0)/((-18)/4239) a composite number?
False
Let x(l) = -8423*l**3 - 1. Suppose 5*w + 3*p = w - 16, 0 = 2*p + 8. Let f be x(w). Suppose -892 = 6*j - f. Is j a prime number?
False
Suppose -14 = -0*d - 2*d - 4*b, 3*d - 5 = -2*b. Let w = 1372 - -2511. Is d/(-3) - w/(-33) composite?
True
Let v = -61 - -66. Suppose -v*n = 4*o - 10056, n - 1996 = -0*n + 3*o. Let s = n + -1223. Is s prime?
False
Suppose 3*g = -12, -2*t + 4*g = 3*t - 2176. Let j be -2*(-48)/2*t/32. Let c = j + -425. Is c a composite number?
False
Suppose 4*m - 28 = -3*m. Suppose -2*j = 5*k - 258, 645 = 5*j + m*k - 8*k. Is j prime?
False
Suppose 20 = 5*q + v + v, -3*v = -3*q + 12. Suppose 3271 + 2550 = 5*k + 3*g, k + q*g = 1171. Is k a composite number?
False
Let z be -2 + -2 + -7 + 3. Let t(k) = k**3 - 6*k**2 - 6*k + 11. Let a be t(8). Let h = z + a. Is h prime?
True
Let d = -113 - -169. Let a be 5/1*d/(-35). Is 1262/5*(-20)/a a composite number?
False
Suppose 5*r = -3*y + 75085, 836 + 124311 = 5*y + 3*r. Suppose 42*h = 37*h + y. Is h a composite number?
True
Let a(u) = 27*u**3 - 183*u**2 - 20*u - 109. Is a(42) composite?
True
Let q = 73 - 60. Suppose -21*v + 154984 = -q*v. Is v a composite number?
False
Let i(u) = 4*u**2 - 8*u - 83. Let b be i(-11). Suppose 2*o - b = -o. Is o a prime number?
True
Let r = 23669 - 45530. Let i = -15020 - r. Is i a composite number?
False
Let y = -50 - -75. Suppose 22*o = y*o - 6. Suppose 6*h + b = 2*h + 1032, -h + 249 = -o*b. Is h composite?
False
Let v(t) = -t**2 - 15*t - 2. Let a be v(-15). Let p be (1217/a)/((-7)/14). Suppose -p = -3*y - 26. Is y composite?
False
Let o(q) be the second derivative of -q**5/20 + 13*q**4/6 - 25*q**3/6 - 109*q**2/2 + 2*q + 56. Is o(22) composite?
False
Let u = 7983 - 3310. Is u a composite number?
False
Let n = 9559 + -3662. Is n a prime number?
True
Suppose 5*n - 5*y = 79976 + 208184, -3*y = 5*n - 288200. Is n a prime number?
True
Suppose -4*k + 31272 = 5*g - 33430, -5*k + g = -80921. Is k a composite number?
False
Suppose 3*b + 3*k - 180360 = 0, -4*b + 0*b = -5*k - 240471. Is b composite?
True
Is (2 - 60/(-3))*344493/162 prime?
False
Suppose 27*l - 228318 = 269535. Is l composite?
False
Suppose -k + 39*k - 1709392 = 0. Is 2*(0 + -1)*k/(-16) a prime number?
True
Is (-2)/(-6) - (-8720364)/18 a composite number?
True
Let k = 11059 - 5450. Is k prime?
False
Let t(y) = 194*y**3 + 2*y**2 - 8*y - 43. Is t(6) a prime number?
False
Suppose -c - 1864 = -3*c. Let d = 1804 - c. Suppose 5*r - 33 = d. Is r a prime number?
True
Let z(l) = 13*l**3 + 7*l**2 + 21*l + 52. Is z(15) prime?
True
Suppose -4*w + 9 = -15. Suppose -4*l - w + 2 = 0, 3*l + 21210 = 3*c. Is c a composite number?
False
Let g = -128 - -133. Let b(z) = 143*z**3 - z**2 + 1. Let w be b(1). Suppose -g*s + 653 = o, o - s = -w + 820. Is o prime?
True
Let y(z) = z**3 - 139*z**2 - 2366*z - 33. Is y(-15) a composite number?
True
Suppose -581240 - 736475 = -5*j - 12*p, -527037 = -2*j + 5*p. Is j a prime number?
False
Suppose g + 5*b - 839 - 28429 = 0, 0 = 4*g + 2*b - 116982. Is g a composite number?
False
Let f(h) = h**2 - 4*h - 100. Let m be f(12). Is ((-6772)/8)/(m/88) a prime number?
False
Suppose 0 = 2*l + 13 + 27. Let o be l/20*(1 + -7 + 1). Suppose 0*n = -5*n - 4*z + 13027, -10427 = -4*n - o*z. Is n composite?
True
Let w be (28/(-28))/(2/8). Let v be (-14)/3*(w + (-40)/35). Is (-8 + -2 + 4)/(v/(-1164)) prime?
False
Let q(u) = 34*u**3 + 67*u**2 + 13*u - 43. Is q(14) a prime number?
False
Let u be -6 - (0 - -1*(5 + -1)). Is (15/u)/(6/(-7496)) composite?
True
Let l = 67 + -63. Suppose -5*j = 2*g - 4*g - 6, 4*j = l*g. Is (2 + (-9)/3)*(-2062)/j a prime number?
True
Let j be (-2 + (-127524)/(-8))*(4 + -2). Suppose -7*n + j = -13616. Is n composite?
True
Suppose -2*b = -k - 2693 + 8204, 2*k + 4*b = 10982. Is k a prime number?
True
Suppose 4*q - h = 7 - 2, 7 = 2*q - 5*h. Is q/((-4)/(53544/(-6))) prime?
False
Let s(l) = -13*l**2 + 4*l - 3. Let v be s(6). Let d = v - -748. Suppose -5*w = -2696 + d. Is w composite?
False
Suppose -u = -10*u - 63. Let r(t) = -t**2 + t + 84. Let i be r(u). Suppose 26*q - i*q = -9662. Is q prime?
True
Suppose -36*h = 5*l - 35*h - 3483263, 0 = 2*l + 2*h - 1393302. Is l a prime number?
True
Let l(r) = 21*r**2 + 12*r + 3. Suppose -h + 1 = -f, 0*h + 2*f - 10 = -2*h. Suppose d + w = -h*w - 26, -49 = 4*d + 5*w. Is l(d) a composite number?
True
Let g(i) = 4*i**2. Let k be g(1). Suppose 45 = 2*m - 3*c, 0 = 4*m + 5*c - 54 - 25. Is -2*581/m*(-42)/k a composite number?
True
Let s(d) = d**2 - 4*d - 1. Let t be s(5). Suppose t*w - w - 14 = 5*m, -2*w + 4*m + 10 = 0. Suppose -j + 1676 = w*j. Is j composite?
False
Suppose -53*s - 5*f = -56*s + 47622, -4*s + 2*f = -63482. Is s a prime number?
False
Let j be (-1905)/(-9) - 2/3. Suppose 0 = 5*f + 2*a - 11998, -3*f + 3*a + 7*a + 7210 = 0. Let u = j + f. Is u prime?
False
Let t = 109696 - 61643. Is t a composite n